1 (base 9) in base 12?
-10377
What is 223112540 (base 6) in base 10?
4068780
What is -40032102 (base 5) in base 4?
-1030310130
4415242 (base 6) to base 11
140494
Convert -202110120200 (base 3) to base 13.
-111480
Convert 280549 (base 13) to base 4.
3231103030
What is 3e8ee4 (base 15) in base 14?
587811
What is 9ac94 (base 13) in base 12?
116868
What is -47581 (base 10) in base 16?
-b9dd
Convert -624251 (base 7) to base 6.
-2144022
-341661 (base 10) to base 5
-41413121
What is 4631a (base 12) in base 9?
152554
Convert -2201747 (base 13) to base 5.
-10130242033
Convert -220123 (base 6) to base 5.
-1040240
What is 221011300 (base 4) in base 16?
29170
10731227 (base 8) to base 14
44c819
Convert 410648 (base 11) to base 5.
132101443
What is 10121230103 (base 4) in base 14?
2206b1
What is 121c9c (base 16) in base 4?
10201302130
-47bdd0 (base 14) to base 2
-1001010110111010000010
-23000003 (base 5) to base 14
-54052
3231211212 (base 4) to base 11
60516a
-385636 (base 9) to base 8
-710507
653616 (base 8) to base 16
3578e
What is -10212101221201 (base 3) in base 7?
-23316205
Convert 1609b (base 14) to base 13.
1c071
Convert -145120 (base 8) to base 16.
-ca50
2327724 (base 9) to base 13
350ca1
What is 12231110 (base 4) in base 6?
331112
Convert 1132314 (base 7) to base 4.
202302213
-281ae8 (base 15) to base 13
-527393
What is 1913ce (base 15) in base 5?
303003434
444436 (base 10) to base 13
1273a5
What is 718334 (base 12) in base 15?
251721
What is 311586 (base 9) in base 16?
2d258
What is -334403224 (base 5) in base 16?
-169bd9
2b387 (base 16) to base 7
1335061
Convert -1684 (base 13) to base 15.
-eb4
Convert 791906 (base 10) to base 16.
c1562
Convert 1013901 (base 10) to base 11.
632839
Convert -247066 (base 9) to base 16.
-24801
122112021222 (base 3) to base 9
575258
What is -207309 (base 14) in base 4?
-10023130131
What is 1084126 (base 12) in base 2?
1100000011001110101110
What is 7ae04 (base 16) in base 11?
314156
-44627312 (base 8) to base 13
-1cc9574
What is 22300266 (base 7) in base 3?
10122012111210
What is -12224322 (base 5) in base 16?
-1cad6
-3aa093 (base 15) to base 8
-12600327
312bb1 (base 12) to base 11
488357
217b30a (base 13) to base 2
100111000110010100110010
16a38 (base 11) to base 15
711d
What is -d900 (base 16) in base 12?
-28194
What is -6140606 (base 8) in base 5?
-403404111
Convert -63e (base 16) to base 5.
-22343
-a74d30 (base 14) to base 4
-111212000232
Convert -805140 (base 10) to base 16.
-c4914
Convert 34215 (base 12) to base 14.
1b42d
-3948a (base 12) to base 14
-20830
Convert -8d4b4 (base 15) to base 14.
-b9d8c
-201133011 (base 4) to base 9
-228126
18877dc (base 14) to base 13
2699c04
What is d27124 (base 14) in base 16?
6c276c
Convert -13a952 (base 16) to base 13.
-361659
-3205333 (base 8) to base 5
-204322442
-1088b45 (base 12) to base 13
-86b880
-5464002 (base 9) to base 8
-13145605
What is -1010001221010 (base 3) in base 8?
-2204031
What is 162782 (base 9) in base 10?
100514
Convert -62a22 (base 13) to base 16.
-2b546
-2543453 (base 6) to base 2
-100001101111011001
-122022212020 (base 3) to base 6
-11151010
Convert 5132732 (base 8) to base 6.
45031402
Convert -122202201022 (base 3) to base 11.
-219820
What is 1020332 (base 8) in base 14?
70854
What is 1e492d (base 15) in base 4?
11222032231
What is 263a01 (base 15) in base 6?
103154444
-386153 (base 9) to base 5
-24443023
-135421 (base 10) to base 3
-20212202121
What is -3c0687 (base 13) in base 4?
-11203321020
Convert 14112140 (base 7) to base 15.
1ae575
78210c (base 15) to base 7
66453402
-1621514 (base 13) to base 2
-11011001000111111111100
What is 494c8 (base 14) in base 12?
87934
Convert -8c3e28 (base 15) to base 3.
-110121011221002
2145980 (base 10) to base 14
3dc0c4
What is -45460405 (base 7) in base 6?
-220545004
Convert 10621 (base 8) to base 14.
18d3
Convert -71018 (base 10) to base 15.
-16098
1221000210111 (base 3) to base 10
1024096
ce773 (base 16) to base 3
1120222001121
Convert 2ad013 (base 16) to base 14.
53072b
What is 2d001 (base 15) in base 10?
145126
What is 4b06ce (base 16) in base 2?
10010110000011011001110
110010000000010011 (base 2) to base 8
620023
Convert 29114 (base 12) to base 16.
df60
-40104224 (base 5) to base 9
-531651
What is 93b7 (base 13) in base 15?
60c0
What is -2212201102 (base 3) in base 12?
-28955
-11020011012 (base 3) to base 16
-14513
Convert 5353607 (base 8) to base 12.
59045b
-7c65 (base 13) to base 15
-52b0
Convert -2c261 (base 15) to base 14.
-39bd9
2350062 (base 7) to base 12
1243a0
What is -1100110010001011100 (base 2) in base 15?
-841c3
-360605 (base 8) to base 6
-2350405
Convert 78803 (base 14) to base 3.
112212010221
1000012112020 (base 3) to base 9
1005466
-1aa126 (base 13) to base 15
-d6319
What is 16024 (base 16) in base 7?
523552
What is 10331130301 (base 4) in base 3?
2110001122021
Convert -a7b07 (base 16) to base 11.
-42a054
Convert -1c710a (base 16) to base 12.
-75a80a
What is 35288b3 (base 12) in base 4?
213020210013
What is 83914 (base 10) in base 12?
4068a
-73790 (base 13) to base 10
-207818
1240402042 (base 5) to base 14
599063
Convert 220220120001 (base 3) to base 16.
77b36
What is -70751 (base 12) in base 15?
-2d4d1
Convert 1110100000111 (base 2) to base 11.
5646
Convert 91084 (base 13) to base 8.
772432
c4aa7 (base 13) to base 14
92ab1
What is 53caa (base 14) in base 3?
101022012122
Convert 22604524 (base 7) to base 14.
3994bb
-15149011 (base 10) to base 3
-1001111122112111
Convert 101519 (base 12) to base 3.
110202201110
What is -20101064 (base 8) in base 14?
-7c0980
5568074 (base 9) to base 6
144130151
Convert 1a22b7 (base 13) to base 9.
1217716
Convert -2551150 (base 11) to base 2.
-10000110111110110110001
What is -1340201004 (base 5) in base 2?
-1101001000110010100111
What is 3020321212 (base 4) in base 3?
1112210210021
4a36a (base 11) to base 5
4303223
What is 3162761 (base 10) in base 12?
1086375
-1796431 (base 10) to base 14
-34a967
Convert 633443 (base 7) to base 16.
1aaf5
Convert -210012022001002 (base 3) to base 10.
-11264537
Convert 175c6 (base 13) to base 16.
af93
What is 10101010001001010011000 (base 2) in base 15?
751e30
Convert -3622640 (base 7) to base 15.
-9129e
Convert -34420213 (base 5) to base 2.
-1001011110110011011
11606205 (base 7) to base 15
1595d0
What is -131322022 (base 4) in base 11?
-8404a
What is 258540 (base 16) in base 14?
48018c
What is -3317351 (base 9) in base 8?
-6633177
3156042 (base 7) to base 9
644476
111100111011010100101 (base 2) to base 14
39d7db
Convert 217627 (base 15) to base 9.
3000071
42125131 (base 6) to base 4
10222331233
-1100011100100111101 (base 2) to base 11
-259490
Convert 616361 (base 7) to base 10.
105491
Convert -97d5d (base 14) to base 9.
-620205
What is -165540 (base 12) in base 13?
-105231
-51553411 (base 6) to base 5
-340224440
What is -5137541 (base 8) in base 16?
-14bf61
-33033232012 (base 4) to base 15
-53e26a
Convert 131030023 (base 4) to base 5.
12311223
1323110 (base 4) to base 15
2512
-207a53 (base 13) to base 7
-6312636
527a (base 11) to base 9
10520
101100211100100 (base 3) to base 8
25005407
What is -105a810 (base 14) in base 5?
-3441010023
What is -2185843 (base 13) in base 16?
-9ca4bf
Convert -1550336 (base 8) to base 6.
-13323554
-2100541 (base 6) to base 15
-2002d
What is 82a922 (base 11) in base 4?
11011032101
What is 11588131 (base 9) in base 5?
2422334314
-420487 (base 9) to base 16
-3cf79
Convert 8344866 (base 9) to base 12.
15b0213
Convert -7746310 (base 8) to base 4.
-13330303020
What is 467755 (base 8) in base 14?
422cd
Convert 11ca76 (base 16) to base 9.
2166331
Convert -23750017 (base 9) to base 12.
-3a78821
Convert -4324141 (base 5) to base 3.
-10202001120
Convert -aa967 (base 16) to base 4.
-2222211213
4c839 (base 14) to base 6
4011203
-2102022000122 (base 3) to base 2
-100111001110001111100
Convert 4025341 (base 8) to base 5.
232401203
Convert 1110111111111101100 (base 2) to base 15.
9a96a
-1245151 (base 6) to base 10
-68539
What is -4421526 (base 8) in base 6?
-41251114
Convert 502563 (base 14) to base 12.
a9bbb7
Convert -28bb7 (base 12) to base 16.
-debb
What is -10450011 (base 6) in base 15?
-64137
Convert -1204a2 (base 11) to base 12.
-925a9
What is 1571825 (base 9) in base 15?
123e78
Convert -2eb04 (base 15) to